{"id":22,"date":"2018-08-10T12:59:19","date_gmt":"2018-08-10T10:59:19","guid":{"rendered":"http:\/\/wordpress.p115765.webspaceconfig.de\/?page_id=22"},"modified":"2020-10-19T12:17:26","modified_gmt":"2020-10-19T10:17:26","slug":"partner","status":"publish","type":"page","link":"https:\/\/www.usability.world\/?page_id=22","title":{"rendered":"Partner"},"content":{"rendered":"<h3>Beteiligungen, Mitgliedschaften und Kooperationen<\/h3>\n<ul>\n<li><a href=\"http:\/\/www.inowis.de\">InoWis Service &amp; Beratungs GmbH<\/a><\/li>\n<li><a href=\"http:\/\/www.wuppermann-bildungswerk.de\">Wuppermann Bildungswerk Leverkusen GmbH<\/a><\/li>\n<li><a href=\"http:\/\/www.waz-leverkusen.de\">Zentrum f\u00fcr Arbeitsmedizin und\u00a0Arbeitssicherheit Rhein-Wupper e.V.<\/a><\/li>\n<li><a href=\"http:\/\/www.dmtm.com\">Deutsche MTM-Vereinigung e. V.<\/a><\/li>\n<li><a href=\"http:\/\/www.osp-rheinland.de\">OSP \u2013 Olympiast\u00fctzpunkt NRW\/Rheinland<\/a><\/li>\n<li><a href=\"http:\/\/www.metallnrw.de\">METALL NRW<\/a><\/li>\n<li><a href=\"http:\/\/www.unternehmernrw.eu\">unternehmer nrw<\/a><\/li>\n<li><a href=\"http:\/\/www.bda-online.de\">BDA &#8211; Bundesvereinigung der Deutschen Arbeitgeberverb\u00e4nde<\/a><\/li>\n<li><a href=\"http:\/\/www.iwkoeln.de\">IW &#8211; Institut der deutschen Wirtschaft<\/a><\/li>\n<li><a href=\"http:\/\/www.arbeitswissenschaft.net\">IfaA &#8211; Institut f\u00fcr angewandte Arbeitswissenschaft<\/a><\/li>\n<li><a href=\"http:\/\/www.refa.de\">REFA &#8211; Verband f\u00fcr Arbeitsgestaltung, Betriebsorganisation und Unternehmensentwicklung<\/a><\/li>\n<\/ul>\n","protected":false},"excerpt":{"rendered":"<p>Beteiligungen, Mitgliedschaften und Kooperationen InoWis Service &amp; Beratungs GmbH Wuppermann Bildungswerk Leverkusen GmbH Zentrum f\u00fcr Arbeitsmedizin und\u00a0Arbeitssicherheit Rhein-Wupper e.V. Deutsche MTM-Vereinigung e. V. OSP \u2013 Olympiast\u00fctzpunkt NRW\/Rheinland METALL NRW unternehmer nrw BDA &#8211; Bundesvereinigung der Deutschen Arbeitgeberverb\u00e4nde IW &#8211; Institut der deutschen Wirtschaft IfaA &#8211; Institut f\u00fcr angewandte Arbeitswissenschaft REFA &#8211; Verband f\u00fcr Arbeitsgestaltung, Betriebsorganisation [&hellip;]<\/p>\n","protected":false},"author":1,"featured_media":0,"parent":0,"menu_order":0,"comment_status":"closed","ping_status":"closed","template":"","meta":{"footnotes":""},"class_list":["post-22","page","type-page","status-publish","hentry"],"_links":{"self":[{"href":"https:\/\/www.usability.world\/index.php?rest_route=\/wp\/v2\/pages\/22","targetHints":{"allow":["GET"]}}],"collection":[{"href":"https:\/\/www.usability.world\/index.php?rest_route=\/wp\/v2\/pages"}],"about":[{"href":"https:\/\/www.usability.world\/index.php?rest_route=\/wp\/v2\/types\/page"}],"author":[{"embeddable":true,"href":"https:\/\/www.usability.world\/index.php?rest_route=\/wp\/v2\/users\/1"}],"replies":[{"embeddable":true,"href":"https:\/\/www.usability.world\/index.php?rest_route=%2Fwp%2Fv2%2Fcomments&post=22"}],"version-history":[{"count":3,"href":"https:\/\/www.usability.world\/index.php?rest_route=\/wp\/v2\/pages\/22\/revisions"}],"predecessor-version":[{"id":2793,"href":"https:\/\/www.usability.world\/index.php?rest_route=\/wp\/v2\/pages\/22\/revisions\/2793"}],"wp:attachment":[{"href":"https:\/\/www.usability.world\/index.php?rest_route=%2Fwp%2Fv2%2Fmedia&parent=22"}],"curies":[{"name":"wp","href":"https:\/\/api.w.org\/{rel}","templated":true}]}}